{"id":33,"date":"2021-10-25T21:19:37","date_gmt":"2021-10-25T19:19:37","guid":{"rendered":"http:\/\/esfac.net\/?page_id=33"},"modified":"2025-11-28T12:27:33","modified_gmt":"2025-11-28T11:27:33","slug":"ecole-maternelle","status":"publish","type":"page","link":"https:\/\/esfac.net\/index.php\/ecole-maternelle\/","title":{"rendered":"Ecole du haut"},"content":{"rendered":"<div class=\"wp-block-image is-style-rounded\">\n<figure class=\"aligncenter size-medium is-resized\"><img loading=\"lazy\" decoding=\"async\" width=\"300\" height=\"300\" src=\"https:\/\/esfac.net\/wp-content\/uploads\/2021\/10\/photo-ecole-du-haut-1-300x300.jpg\" alt=\"\" class=\"wp-image-59\" style=\"width:390px;height:auto\" srcset=\"https:\/\/esfac.net\/wp-content\/uploads\/2021\/10\/photo-ecole-du-haut-1-300x300.jpg 300w, https:\/\/esfac.net\/wp-content\/uploads\/2021\/10\/photo-ecole-du-haut-1-150x150.jpg 150w, https:\/\/esfac.net\/wp-content\/uploads\/2021\/10\/photo-ecole-du-haut-1-70x70.jpg 70w, https:\/\/esfac.net\/wp-content\/uploads\/2021\/10\/photo-ecole-du-haut-1-246x246.jpg 246w, https:\/\/esfac.net\/wp-content\/uploads\/2021\/10\/photo-ecole-du-haut-1-276x276.jpg 276w, https:\/\/esfac.net\/wp-content\/uploads\/2021\/10\/photo-ecole-du-haut-1-125x125.jpg 125w, https:\/\/esfac.net\/wp-content\/uploads\/2021\/10\/photo-ecole-du-haut-1.jpg 315w\" sizes=\"auto, (max-width: 300px) 100vw, 300px\" \/><\/figure>\n<\/div>\n\n\n<figure class=\"wp-block-gallery has-nested-images columns-default is-cropped wp-block-gallery-1 is-layout-flex wp-block-gallery-is-layout-flex\">\n<figure class=\"wp-block-image size-large\"><img loading=\"lazy\" decoding=\"async\" width=\"627\" height=\"573\" data-id=\"176\" src=\"https:\/\/esfac.net\/wp-content\/uploads\/2025\/11\/Esfac-jardin.png\" alt=\"\" class=\"wp-image-176\" srcset=\"https:\/\/esfac.net\/wp-content\/uploads\/2025\/11\/Esfac-jardin.png 627w, https:\/\/esfac.net\/wp-content\/uploads\/2025\/11\/Esfac-jardin-300x274.png 300w\" sizes=\"auto, (max-width: 627px) 100vw, 627px\" \/><\/figure>\n<\/figure>\n\n\n\n<figure class=\"wp-block-image size-large\"><img loading=\"lazy\" decoding=\"async\" width=\"1024\" height=\"724\" src=\"https:\/\/esfac.net\/wp-content\/uploads\/2025\/11\/Esfac-serre-1-1024x724.png\" alt=\"\" class=\"wp-image-179\" srcset=\"https:\/\/esfac.net\/wp-content\/uploads\/2025\/11\/Esfac-serre-1-1024x724.png 1024w, https:\/\/esfac.net\/wp-content\/uploads\/2025\/11\/Esfac-serre-1-300x212.png 300w, https:\/\/esfac.net\/wp-content\/uploads\/2025\/11\/Esfac-serre-1-768x543.png 768w, https:\/\/esfac.net\/wp-content\/uploads\/2025\/11\/Esfac-serre-1-1536x1086.png 1536w, https:\/\/esfac.net\/wp-content\/uploads\/2025\/11\/Esfac-serre-1.png 2000w\" sizes=\"auto, (max-width: 1024px) 100vw, 1024px\" \/><\/figure>\n\n\n\n<ul class=\"wp-block-list\">\n<li>Jardin pour les plus petits, serre cultiv\u00e9e par les \u00e9l\u00e8ves.<\/li>\n<\/ul>\n\n\n\n<figure class=\"wp-block-pullquote has-border-color has-luminous-vivid-orange-border-color\" style=\"border-width:15px;border-radius:43px\"><blockquote><p><strong><em>Equipe \u00e9ducative de l&rsquo;\u00e9cole du haut<\/em><\/strong><br>Classe d&rsquo;accueil de Madame Rose et Kirtana<br>Classe de 1\u00e8re maternelle de Madame Catherine<br>Classe de 2\u00e8me maternelle de Madame Aurore<br>Classe de 2\u00e8me et 3\u00e8me maternelle de Madame Val\u00e9rie<br>Classe de 3\u00e8me maternelle de Madame Gwendeline<br>Classe de 1\u00e8re primaire de Madame Camille<br>Classe de 1\u00e8re et 2\u00e8me primaire Madame Tania<\/p><\/blockquote><\/figure>\n\n\n\n<p><\/p>\n","protected":false},"excerpt":{"rendered":"<p>Equipe \u00e9ducative de l&rsquo;\u00e9cole du hautClasse d&rsquo;accueil de Madame Rose et KirtanaClasse de 1\u00e8re maternelle de Madame CatherineClasse de 2\u00e8me maternelle de Madame AuroreClasse de 2\u00e8me et 3\u00e8me maternelle de Madame Val\u00e9rieClasse de 3\u00e8me maternelle de Madame GwendelineClasse de 1\u00e8re primaire de Madame CamilleClasse de 1\u00e8re et 2\u00e8me primaire Madame Tania<\/p>\n","protected":false},"author":1,"featured_media":0,"parent":0,"menu_order":0,"comment_status":"closed","ping_status":"closed","template":"","meta":{"footnotes":""},"class_list":["post-33","page","type-page","status-publish","hentry"],"_links":{"self":[{"href":"https:\/\/esfac.net\/index.php\/wp-json\/wp\/v2\/pages\/33","targetHints":{"allow":["GET"]}}],"collection":[{"href":"https:\/\/esfac.net\/index.php\/wp-json\/wp\/v2\/pages"}],"about":[{"href":"https:\/\/esfac.net\/index.php\/wp-json\/wp\/v2\/types\/page"}],"author":[{"embeddable":true,"href":"https:\/\/esfac.net\/index.php\/wp-json\/wp\/v2\/users\/1"}],"replies":[{"embeddable":true,"href":"https:\/\/esfac.net\/index.php\/wp-json\/wp\/v2\/comments?post=33"}],"version-history":[{"count":10,"href":"https:\/\/esfac.net\/index.php\/wp-json\/wp\/v2\/pages\/33\/revisions"}],"predecessor-version":[{"id":190,"href":"https:\/\/esfac.net\/index.php\/wp-json\/wp\/v2\/pages\/33\/revisions\/190"}],"wp:attachment":[{"href":"https:\/\/esfac.net\/index.php\/wp-json\/wp\/v2\/media?parent=33"}],"curies":[{"name":"wp","href":"https:\/\/api.w.org\/{rel}","templated":true}]}}